t o(r) = r**3 - 43*r**2 + 40*r + 96. Calculate o(42).
12
Let l(u) = u**2 + 374*u + 2583. Calculate l(-7).
14
Let u(c) = c**3 + 7*c**2 - 4*c - 23. What is u(-6)?
37
Let p(m) = m**3 - 7*m**2 + 11*m + 14. Give p(6).
44
Let f(z) = z**3 + 5*z**2 - 4466*z - 31159. Give f(-7).
5
Let a(y) = -114*y - 2361. Calculate a(-21).
33
Let g(z) = -z**2 - z + 110. Calculate g(-12).
-22
Let d(x) = -2*x**2 - 256*x + 10. Determine d(-128).
10
Let u(g) = -g**2 - 30*g - 94. Give u(-25).
31
Let c(q) = 3*q**2 - 23*q + 24. Give c(5).
-16
Let m(h) = -h**3 - 32*h**2 - 2*h + 79. What is m(-32)?
143
Let y(d) = d**3 + 44*d**2 - 296*d + 197. What is y(-50)?
-3
Let s(d) = d**3 - 10*d**2 - 13*d - 145. Determine s(12).
-13
Let g(d) = d**2 + 99*d - 620. Give g(-105).
10
Let i(o) = -4*o + 47. Calculate i(9).
11
Let f(j) = j**2 + 106*j - 933. What is f(10)?
227
Let z(l) = -212*l - 548. Give z(-3).
88
Let h(d) = 232*d - 9204. What is h(40)?
76
Let o(f) = 21*f + 131. What is o(-9)?
-58
Let c(d) = d**2 - 19*d + 59. Give c(19).
59
Let k(a) = -2*a**3 + 2*a**2 - 77*a + 154. What is k(2)?
-8
Let h(a) = -7*a**3 + 13*a**2 - 11*a + 6. Give h(5).
-599
Let a(u) = -u**3 + 3*u**2 + 96. Give a(0).
96
Let b(u) = u**2 + 6*u - 6. Give b(-10).
34
Let y(x) = x**2 + 21*x - 80. Determine y(-23).
-34
Let a(m) = -3*m**2 + 340*m + 1009. What is a(-3)?
-38
Let s(n) = -n**3 + 80*n**2 - 284*n + 9992. Determine s(78).
8
Let h(y) = -3*y**2 + 237*y - 680. Give h(76).
4
Let b(t) = -134*t - 9765. Calculate b(-73).
17
Let h(r) = -r**3 - 14*r**2 + 18*r - 5. Determine h(-16).
219
Let g(u) = u**3 + 16*u**2 - 27*u. Calculate g(-17).
170
Let b(d) = -d**3 - 3*d**2 - 20*d + 22. Determine b(1).
-2
Let z(h) = -h**2 - 24*h + 559. Give z(12).
127
Let p(g) = 2844*g - 14296. What is p(5)?
-76
Let n(i) = -834*i - 3471. Determine n(-4).
-135
Let h(x) = -x**3 - 73*x**2 + 105*x + 2285. What is h(-74)?
-9
Let h(b) = -b**3 + 5*b**2 - 9*b + 1. Calculate h(2).
-5
Let q(t) = 2*t**3 - 95*t**2 + 630*t - 9. Determine q(8).
-25
Let h(p) = 39*p + 359. Calculate h(-9).
8
Let u(h) = -3845*h - 219165. Give u(-57).
0
Let o(d) = d**3 - d**2 + 57. Give o(0).
57
Let h(z) = 3*z**2 + 40*z - 79. Calculate h(-17).
108
Let z(a) = -44*a + 139. What is z(3)?
7
Let q(b) = 41*b - 118. What is q(-6)?
-364
Let a(b) = 6*b**2 + 74*b - 49. Give a(-12).
-73
Let j(q) = 379*q**2 - 3409*q - 24. What is j(9)?
-6
Let g(a) = -4169*a - 20832. Give g(-5).
13
Let n(j) = 4*j - 221. Give n(52).
-13
Let n(a) = -17*a - 110. Calculate n(-6).
-8
Let m(u) = 279*u - 1159. Determine m(4).
-43
Let p(q) = -q**2 + 69*q + 1168. Calculate p(83).
6
Let x(w) = 2*w**3 + 3*w**2 - w + 47. Determine x(0).
47
Let v(i) = 1143*i + 2288. Determine v(-2).
2
Let u(y) = -308*y + 989. Give u(5).
-551
Let a(l) = -46*l - 1804. What is a(-39)?
-10
Let t(d) = -2*d**2 + 31*d + 246. Give t(-6).
-12
Let g(n) = n**3 + 12*n**2 - 47*n - 241. Give g(-9).
425
Let i(b) = 148*b + 167. Calculate i(-1).
19
Let r(u) = 642*u - 8305. What is r(13)?
41
Let r(t) = -4*t**2 - 49*t + 280. Calculate r(6).
-158
Let m(f) = 22*f + 466. Give m(-21).
4
Let m(a) = -a**2 + 88*a - 1597. What is m(62)?
15
Let m(j) = j**3 + 18*j**2 + 34*j - 112. Determine m(-17).
-401
Let g(p) = 20*p. What is g(0)?
0
Let o(w) = -8*w**2 - 19*w + 9. What is o(-3)?
-6
Let z(t) = 7427*t - 51991. What is z(7)?
-2
Let a(i) = 118*i - 15. Calculate a(-5).
-605
Let t(q) = q**2 - 106*q - 7800. Calculate t(156).
0
Let w(h) = 75*h + 369. Determine w(-5).
-6
Let r(v) = v**3 - 2*v**2 + 11*v + 91. Give r(0).
91
Let u(b) = 35*b - 934. What is u(23)?
-129
Let s(m) = m**3 + 115*m**2 - 1387*m - 139. Give s(-126).
-13
Let b(f) = 79*f**2 - 553*f + 3. Calculate b(7).
3
Let v(x) = 4*x**2 + 13*x - 111. What is v(6)?
111
Let q(y) = y**3 - 29*y**2 + 133*y + 927. What is q(20)?
-13
Let z(t) = -t**2 + 3*t + 63. Determine z(8).
23
Let t(f) = 2397*f + 9582. Give t(-4).
-6
Let z(i) = -20*i**3 + 1599*i**2 + 74*i + 480. What is z(80)?
0
Let m(v) = -v**3 + 27*v**2 + 57*v + 9. Give m(29).
-20
Let v(i) = -i**2 - 300*i + 907. What is v(3)?
-2
Let s(q) = -30*q - 168. What is s(4)?
-288
Let t(f) = -29*f + 25. Calculate t(3).
-62
Let x(k) = -5097*k - 10200. Calculate x(-2).
-6
Let d(a) = -2535*a - 7607. What is d(-3)?
-2
Let n(s) = -4*s**2 + 27*s + 102. Calculate n(11).
-85
Let d(g) = 3*g**3 - 286*g**2 + 97*g - 210. Give d(95).
-20
Let c(t) = 27*t + 124. Give c(-2).
70
Let p(a) = 19*a + 135. Determine p(-7).
2
Let n(h) = -4*h**2 + 22*h - 79. Calculate n(11).
-321
Let x(s) = s**3 - 7*s**2 + 140*s - 874. Determine x(6).
-70
Let m(q) = 2*q**2 + 68*q + 62. Give m(-32).
-66
Let h(u) = 59*u - 160. Determine h(8).
312
Let s(g) = -21*g**2 + g - 9. Calculate s(-2).
-95
Let l(m) = m**2 + m + 15. Calculate l(-5).
35
Let v(l) = -4*l**2 + 31*l - 33. Give v(10).
-123
Let c(t) = t**2 - 135*t + 4007. Give c(44).
3
Let w(i) = -i**3 + 17*i**2 - 16*i - 471. Calculate w(13).
-3
Let h(c) = c**3 + 75*c**2 + 156*c + 400. Determine h(-73).
-330
Let h(k) = -k**2 + 35*k - 249. Calculate h(10).
1
Let j(s) = -3*s**2 + s + 248. Give j(-9).
-4
Let b(k) = -5030*k - 1. Give b(0).
-1
Let c(x) = x**2 - 35*x - 183. Calculate c(40).
17
Let l(k) = 3*k**2 + 155*k - 70. Give l(-52).
-18
Let j(a) = -2*a**2 - 106*a - 1345. Calculate j(-32).
-1
Let y(g) = g**3 - 40*g**2 - 250*g + 1118. Give y(45).
-7
Let x(g) = 5*g**3 + 33*g**2 - 82*g + 1. Calculate x(2).
9
Let s(o) = -3*o - 24. Determine s(-24).
48
Let g(v) = -v**3 - 20*v**2 + 13*v + 208. What is g(-20)?
-52
Let l(s) = -s**2 - 17*s + 187. Calculate l(9).
-47
Let l(a) = -a**3 + 31*a**2 + 60*a + 192. Determine l(33).
-6
Let r(j) = -42*j + 351. Give r(12).
-153
Let w(t) = -t**3 - 18*t**2 + 83*t + 1440. Calculate w(-18).
-54
Let r(u) = -u**3 - 3*u**2 - 5*u - 53. What is r(-6)?
85
Let x(f) = f**2 + 15*f - 20. Calculate x(1).
-4
Let q(x) = -64*x - 1265. Determine q(-33).
847
Let x(k) = k**2 + 42*k - 233. Give x(-46).
-49
Let b(n) = -n**3 + n**2 + 12*n - 13. Calculate b(-6).
167
Let x(d) = 20*d**3 + 32*d**2 - d - 2. What is x(3)?
823
Let o(b) = -143*b - 597. Give o(-4).
-25
Let v(s) = 3*s**2 + 177*s - 523. Determine v(3).
35
Let u(n) = 37*n**2 - 11*n + 14. Give u(2).
140
Let o(w) = -w**2 + 5*w + 4. Calculate o(4).
8
Let w(g) = -766*g - 7657. What is w(-10)?
3
Let v(s) = -s**3 + 21*s**2 + 34*s + 272. What is v(23)?
-4
Let o(d) = -d**2 - 13*d + 415. What is o(-28)?
-5
Let i(k) = -k**2 + 463*k - 8427. Calculate i(19).
9
Let c(z) = -72*z + 165. Calculate c(-4).
453
Let n(u) = 9*u**3 - 46*u**2 + 4*u + 13. What is n(5)?
8
Let n(y) = 3*y**2 + 20*y + 39. Determine n(-4).
7
Let c(q) = q**3 + 7*q**2 + 8*q - 3. Give c(-6).
-15
Let m(n) = -n**2 + 42*n - 325. Determine m(9).
-28
Let s(k) = 34*k - 1769. Give s(39).
-443
Let a(z) = -z**2 - 59*z - 458. Give a(-50).
-8
Let x(k) = 96*k - 438. What is x(5)?
42
Let p(x) = 4*x + 698. What is p(4)?
714
Let f(y) = 950*y + 57952. Calculate f(-61).
2
Let g(v) = -21*v - 976. Determine g(-44).
-52
Let t(q) = 551*q + 2199. Calculate t(-4).
-5
Let o(h) = 3*h**2 - 188*h - 1943. Give o(-9).
-8
Let s(z) = -10*z + 371. Calculate s(35).
21
Let y(p) = p**3 - 23*p**2 + 34*p - 2102. Calculate y(25).
-2
Let v(b) = -b**3 + 133*b**2 + 127*b + 945. Give v(134).
7
Let m(y) = 3*y**2 - 64*y - 1. What is m(22)?
43
Let u(b) = -1385*b + 34625. Calculate u(25).
0
Let q(b) = b**2 + 93*b - 1744. Calculate q(-109).
0
Let f(n) = n**3 + 21*n**2 - 107*n - 11. Calculate f(5).
104
Let k(u) = -u**2 - 58*u - 337. What is k(-51)?
20
Let m(s) = s**2 + 143*s + 1087. Give m(-135).
7
Let k(s) = -1433*s - 5709. What is k(-4)?
23
Let l(g) = -50*g + 749. What is l(15)?
-1
Let s(f) = -f**3 + 19*f**2 + 133*f + 475. Give s(25).
50
Let c(b) = -143*b - 67. What is c(2)?
-353
Let l(c) = 2*c**3 + 23*c**2 - 9*c - 372. Calculate l(-10).
18
Let n(t) = -2*t**3 + 32*t**2 - 89*t + 57. Give n(2).
-9
Let i(c) = 185*c + 1631. What is i(-10)?
-219
Let p(f) = 13*f**3 + 5*f**2 - 20*f + 90. Determine p(4).
922
Let d(n) = -2*n**2 - 29*n + 849. Determine d(15).
-36
Let h(f) = -7*f**2 + 124*f + 15. What is h(18)?
-21
Let v(o) = -44*o - 349. Give v(-8).
3
Let b(m) = 134*m + 1213. What is b(-9)?
7
Let m(b) = -b**3 + 63*b**2 - 532*b + 14. Calculate m(53).
-92
Let m(p) = -2*p**3 - 321*p**2 - 174*p - 2214. Calculate m(-160).
26
Let m(x) = -56*x + 85. What is m(4)?
-139
Let r(y) = 2*y**3 + y**2 + 24*y - 50. Determine r(2).
1